k(y) = -49*y**2 - y + 1. Let f = 356 - 370. Let h be ((-27)/(-63) + 20/f)*-1. Calculate k(h).
-49
Suppose -y = -3 + 9. Let g(i) = -3*i**3 + 1. Let c be g(-1). Let q(a) = -3*a + c*a - 13 - a - a. What is q(y)?
-7
Let i(o) = -o**2 + o - 37. Let v be (6/(-90))/(32/(-240))*0. Give i(v).
-37
Let p(o) = -o + 3. Let z(d) = -d**2 + 15*d + 73. Let i be z(18). Suppose 0 = 4*u - w + i, -5*u + 2*w - 14 = -3*u. Calculate p(u).
7
Let p(b) = 2*b**2 + 53*b + 75. Let u(a) = -385*a + 5750. Let k be u(15). Determine p(k).
0
Suppose -24 = -6*m - 2*m. Suppose 4*l + 3*l = m*l. Suppose -5*z - 4*p + 0*p - 10 = 0, l = -2*z + 2*p + 14. Let n(d) = -4*d**2 + 3*d - 1. Calculate n(z).
-11
Let c(t) = -5*t + 4*t + 0*t + 11. Suppose -2*d = 3*p + 704, -7*p + 2*p = 5*d + 1760. Let m be d/(-72) - 3/(-27). Calculate c(m).
6
Let u(p) = -p**3 + 28*p**2 - 2*p + 69. Suppose -3*n + 46 = -4*c - 62, -4*n = c - 106. Determine u(n).
13
Let t be -11 - (-21 + 16 + -2). Let x(o) = 2*o**2 + 4*o + 3. Give x(t).
19
Let g(o) = -19*o - 111*o - 1 + 201*o. What is g(1)?
70
Let k be (-8*5/10)/(2/61). Let l = k + 126. Suppose -2*o = -o - l*t + 20, -2*o - 12 = -t. Let i(w) = w - 1. Give i(o).
-5
Let f(y) = -13*y**3 - 3*y**2 + 2*y - 1. Suppose 6*q + r - 18 = 0, 2*r + 5 = -2*q + 21. Calculate f(q).
-113
Suppose -2*b + 62*b + 191 = -109. Let i(t) = t**3 + 5*t**2 + 4*t + 9. Give i(b).
-11
Let y(v) be the third derivative of 0*v - 1/60*v**5 - 39*v**2 + v**3 - 3 - 13/24*v**4. Give y(-15).
-24
Let i(d) = 2*d - 6. Let c(q) = 4*q**2 - 45*q + 17. Let k be c(11). Suppose 4*l + 5*j + k = 2, -3*l + 5*j = 38. Calculate i(l).
-18
Let x(c) = c - 1338 - c**3 + 3*c**2 + 2687 - 1345. Determine x(4).
-8
Suppose 31*h + 429 = -8*h. Let j(r) = -r**2 - 8*r + 35. Give j(h).
2
Let v be ((-75)/(-10) + -9)/(3/(-4)). Let w be (2/((v/3)/1))/1. Let f(s) = 9*s - 4. What is f(w)?
23
Let h(o) be the first derivative of -3*o**2/2 + 36*o - 2030. Determine h(13).
-3
Let w(t) be the second derivative of -t**5/10 - 16*t**4/3 + 32*t**3/3 - 17*t**2 - 7080*t. Determine w(-33).
32
Let z(c) = -8*c - 95. Let v(x) = -2*x - 5. Let l(h) = -2*v(h) + z(h). Calculate l(-23).
7
Let x(l) = -l**3 + 7*l**2 + 9*l + 4. Let k be x(8). Let o be (-12)/(-7) + k/42. Suppose o + 6 = 4*i. Let d(r) = r**2 - 2*r. Calculate d(i).
0
Let s(w) = 4*w - 4. Let x(y) be the first derivative of 7*y**2/2 - 14*y + 302. Let g(z) = -5*s(z) + 2*x(z). Calculate g(-1).
-2
Let p be 47/552 + (-30 - (-27560)/920). Let g(r) be the third derivative of 1/60*r**5 + 0*r - 1/6*r**3 - p*r**4 + 0 - 2/15*r**6 - 18*r**2. Give g(-1).
17
Let h(o) = o**3 + 3*o**2 - o - 12. Suppose 4*g + 67 = 79. Let d(s) = 2*s**3 + 5*s**2 - s - 25. Let z(x) = g*d(x) - 7*h(x). Determine z(-6).
-15
Let g = -351 + 359. Let v(h) = 0 - g + 7 + 178*h - 173*h. What is v(-3)?
-16
Let d(u) = -530 - 4*u - 535 + 1062. Give d(2).
-11
Let t = -1920 + 1921. Let i(j) be the third derivative of -j**6/8 + j**5/60 - j**3/6 - 3*j**2. Calculate i(t).
-15
Let q(t) be the second derivative of t**4/12 + t**3/2 - 97*t**2/2 - 38*t. Let l(b) be the first derivative of q(b). Determine l(4).
11
Let k(z) be the first derivative of -z**4/2 + 31*z**3 - 47*z**2/2 + 51*z - 4063. What is k(46)?
5
Suppose 4*h = 5*w - 0*h + 39, -h = 2*w. Let a(q) = q**3 - 5*q**2 - q + 3. Calculate a(w).
-66
Let b(j) = -j**3 + 6*j**2 - 4*j. Let d(c) = c**2 + 16*c + 16. Let x be d(-12). Let f = 27 - x. Let p = f - 54. What is b(p)?
5
Suppose 43 = 2*y - 51 + 90. Let u(r) = -r**3 + 3*r**2 - r + 7. Calculate u(y).
9
Let m be ((5 - 80/12)/1)/(10/(-36)). Let j(k) = -k**3 + 7*k**2 - 7. Give j(m).
29
Let w(z) = z**2 - 10*z + 15. Let y be w(4). Let t(g) be the third derivative of -g**4/24 - 4*g**3/3 + 3*g**2. Give t(y).
1
Let o = -298 + 349. Let l(d) = 12*d - o*d - 1 + 21*d + 22*d. Give l(2).
7
Let s(y) = 8*y**2 + 1 - 31*y - 4*y**2 + 30*y. Let k be 15/(-10) + 2 + 4/8. What is s(k)?
4
Let x(r) = -946*r - 19*r**2 - 33 + 951*r - r**3 + 12*r**2. Determine x(-8).
-9
Let m = 1 + 1. Let g = -1227 - -1228. Let x(i) = -62*i**m + g + 118*i**2 - 55*i**2. Calculate x(-3).
10
Let n(t) = -122*t - 542. Let b(j) = 13*j + 60. Let p(q) = 28*b(q) + 3*n(q). Give p(19).
16
Let d(h) = h - 2. Let v(b) be the second derivative of -b**3/6 + 12*b**2 + 7*b. Let f be v(17). Determine d(f).
5
Let n(j) = -j**3 - j**2 - j + 15. Let x(p) = -2 - 421*p - 2 + 414*p. Let c be x(-1). Suppose z = -c*z - 0*z. Determine n(z).
15
Let b be (-5 - (-11)/2)/(4 + (-9)/2). Let j(s) = s**3 - s**2 - 1. Suppose -2*a + 3 = -7. Let x(i) = 6*i**3 - 8*i - 3. Let l(k) = a*j(k) + b*x(k). What is l(-6)?
-14
Let j(n) = 2*n - 2*n**2 - 4 + 3*n**2 + n**2. Suppose 0 = -3*i + 312*p - 308*p + 26, 7*i + 3*p = -1. Give j(i).
8
Let i(y) be the first derivative of y**4/4 + 10*y**3/3 + 4*y**2 - 3*y - 1759. Let t = -28 - -19. Give i(t).
6
Let i(o) = -o**3 - 11*o**2 - 10*o - 4. Let n be -1 - (-7)/4 - (-612)/16. Suppose 31 = -7*j - n. Calculate i(j).
-4
Let s(a) = a**3 - 8*a**2 - 7. Let p(q) = -14 + 0*q + 11 - 2 + 10*q**2 + 4 - q. Suppose 0 = -4*i - 1 + 5. Let h be p(i). What is s(h)?
-7
Let n(g) be the second derivative of -g**3 + g**2/2 - 9*g. Let c(q) = q. Let t(b) = 11*c(b) + 2*n(b). What is t(-5)?
7
Let l be (-1)/(30/(-117)) - (-11)/110. Let y(x) = -7*x - 5*x - 4*x**3 - 3*x**2 + 5*x**3 + 6*x**2 + l + 4*x. Calculate y(-5).
-6
Let f(x) = x**2 - 6*x - 5. Let u(y) = 18*y - 174. Let b be u(11). Suppose -3*g + 6*q = q - 18, -5*q + b = 4*g. Calculate f(g).
-5
Let c(x) = -x**2 + 11*x - 2390 - 4*x**2 + x**3 + 2395. Let a(h) = h**3 - 6*h**2 + 10*h + 4. Let p(k) = -3*a(k) + 2*c(k). Calculate p(7).
-9
Suppose -4*k = -8*k + 36. Let m(n) = -213*n + 93. Let l(w) = 160*w - 71. Let a(s) = -4*l(s) - 3*m(s). Determine a(k).
-4
Let a(b) be the second derivative of -b**4/6 - 8*b**3/3 + 13*b**2/2 - 6559*b. Give a(-9).
-5
Suppose -2*q = -15 + 3. Let f(m) = 3*m - 3*m - 2*m - 10*m + 3 + 3*m + m**2. Give f(q).
-15
Let g(i) = -i**3 + 2*i**2 + 3*i - 1. Let d = 70 + -42. Let p = d - 23. Suppose 2*n = -2*r + 2, -4*r - p = 2*n - 13. What is g(r)?
-1
Suppose -5*y - 3*m = -15, -y + 0*y = -3*m - 3. Let t(k) = -y*k + k**2 + 186 - 190 - k. Determine t(6).
8
Suppose -4*o + 4*l + 44 = 0, 5*o + l - 32 - 5 = 0. Let a(g) = 7 - 23 + 5 + o - g. Let d be 275/40 + (-5)/(-40). Calculate a(d).
-10
Let x(n) be the second derivative of -9*n**5/20 - n**4/12 + 2*n**2 + 3054*n. Calculate x(2).
-72
Let c(a) = -a**2 - 9*a + 1. Suppose 0 = 4*z + 5*k - 3, k = -2*z + 4*k + 7. Suppose 0 = -2*q - z*q + 212. Let f = -61 + q. Give c(f).
9
Let y(z) = -13*z - 10. Let k(x) = 144*x + 108. Let q(a) = -5*k(a) - 54*y(a). Suppose 22 = 12*h + 10*h. What is q(h)?
-18
Let u(p) = -p**2 + 8*p - 6. Let z = -4 - -10. Let r(g) = g. Let x(d) = z*r(d) - u(d). Let v(f) = -f**2 + 22*f - 108. Let a be v(14). What is x(a)?
14
Let o(q) = q**3 + 3*q**2 + 2*q - 1. Let n(d) = -4*d**3 - 22*d**2 - 3*d - 10. Let y(a) = -n(a) - 5*o(a). What is y(6)?
9
Let c(k) be the first derivative of 0*k - 7/6*k**3 - 34 - 13*k**2 - 1/24*k**4. Let m(h) be the second derivative of c(h). What is m(-6)?
-1
Suppose 0 = 2*z - 0*z - 10, -n - 5*z + 30 = 0. Let s(r) = r**2 - r + 2. Let d(b) = -5*b**2 + 8*b - 1. Let g(w) = -d(w) - 4*s(w). Give g(n).
-2
Let c(j) = 2*j**2 + 140*j - 1247. Let l be c(-78). Let v(w) = 73*w - 4. What is v(l)?
69
Let d be (-3)/(-5 + 16/4) + -5. Let h(x) be the third derivative of -3*x**2 + 0*x**3 + 0 + 0*x + 1/24*x**4. Give h(d).
-2
Let p(m) = -22*m. Let g(l) = 7*l. Let x(s) = 20*g(s) + 6*p(s). Suppose -5*n - 10 = -3*y, 2*n + 13 = -22*y + 25*y. What is x(n)?
8
Let l(i) = -2 + 19 - i**3 + 45*i**2 - 26*i**2 - 3 - 30*i**2 - 8*i. Let g be (2 - 13) + 2 - 1. Calculate l(g).
-6
Let c(p) be the third derivative of -p**4/12 - 7*p**3/6 - 437*p**2. Let x = 1 - 2. Let g be (x + 1 - -1)*-8. Give c(g).
9
Let y(i) = 2*i**3 - 20*i**2 - 47*i - 5. Let b(w) = -w**3 + 21*w**2 + 46*w + 7. Let a(k) = 3*b(k) + 2*y(k). Determine a(-21).
-31
Let u(o) = 451*o + 6 - 2*o**2 - 155*o - 149*o - 149*o + o**2. Determine u(-6).
-18
Let g = 250 + -248. Suppose -2*j - 9 = -6*d + d, 5*j - 21 = -2*d. Suppose -a - g*w - j = 0, 3*w - 1 + 9 = 2*a. Let c(p) = -6*p**3 + 1. Give c(a).
-5
Suppose 0 = -17*y + 26*y - 90. Let m(v) = 2 - 3 + v + 3*v + y - 5*v**2 + 6*v**2. What is m(-7)?
30
Let l(z) be the first derivative of -z**3/3 + 9*z**2/2 + 2*z - 19. Let i be l(9). 